What is the greatest common factor of 56 and 14408312?
8
Calculate the greatest common divisor of 225758 and 228.
38
Calculate the greatest common factor of 4111975 and 350.
175
What is the greatest common divisor of 12 and 6780702?
6
Calculate the greatest common factor of 33 and 5818637.
11
What is the highest common divisor of 4817280 and 515310?
5790
Calculate the highest common factor of 494097 and 72267.
327
What is the highest common factor of 2477115 and 463390?
1555
Calculate the highest common factor of 16555 and 11859400.
1505
Calculate the greatest common divisor of 504522 and 4374.
54
What is the greatest common factor of 3015 and 238393370?
335
What is the greatest common divisor of 786443 and 35?
7
What is the greatest common divisor of 820100 and 1371652?
556
What is the greatest common divisor of 2227400 and 49950?
1850
Calculate the greatest common divisor of 4509 and 179974731.
501
What is the greatest common factor of 140855 and 43615?
715
Calculate the greatest common factor of 16934742 and 6534.
198
Calculate the highest common factor of 116 and 27828692.
4
Calculate the highest common divisor of 77070 and 232890.
210
What is the highest common factor of 62 and 99455037?
31
Calculate the greatest common divisor of 680 and 3042745.
85
Calculate the greatest common factor of 111254 and 143834306.
8558
Calculate the highest common divisor of 4199867 and 2261.
119
Calculate the greatest common divisor of 1147316 and 1746.
194
Calculate the highest common factor of 4325520 and 45560.
2680
Calculate the highest common factor of 345 and 6710535.
15
What is the highest common factor of 403968 and 486287?
263
Calculate the highest common factor of 11532633 and 42891.
2523
What is the greatest common divisor of 47697606 and 704?
22
What is the greatest common factor of 334 and 86501825?
167
Calculate the greatest common factor of 695 and 2006949415.
695
What is the highest common factor of 1970806 and 58?
2
Calculate the highest common divisor of 2703 and 39744011.
901
Calculate the highest common factor of 251194860 and 590.
590
Calculate the highest common factor of 12600 and 885900.
300
Calculate the highest common divisor of 13442 and 162910.
22
What is the greatest common factor of 913011 and 704?
11
What is the highest common divisor of 2035 and 1789579?
407
What is the greatest common factor of 1048745309 and 3463?
3463
What is the greatest common factor of 10636824 and 33?
33
What is the greatest common divisor of 3891864 and 1581?
93
What is the greatest common divisor of 122951 and 172087?
37
What is the greatest common factor of 6365 and 2953695?
335
Calculate the greatest common divisor of 564253287 and 39.
39
Calculate the greatest common divisor of 130888150 and 570.
190
Calculate the greatest common divisor of 22762379 and 606271.
1877
Calculate the highest common divisor of 155 and 200611261.
31
Calculate the highest common factor of 4378 and 2688912875.
2189
What is the highest common factor of 561190178 and 37624?
9406
What is the greatest common factor of 13808050 and 322?
46
Calculate the highest common divisor of 3200 and 49376.
32
Calculate the greatest common divisor of 13152020 and 3360.
140
What is the greatest common factor of 212649 and 87673?
73
Calculate the greatest common divisor of 6808540 and 54136.
268
Calculate the greatest common factor of 24855268 and 36556.
2812
What is the highest common divisor of 226 and 26693651?
113
Calculate the greatest common factor of 146 and 20800474.
146
Calculate the highest common divisor of 51666 and 1616814.
474
What is the greatest common factor of 342 and 4883202?
18
What is the highest common divisor of 672 and 35239848?
168
What is the highest common factor of 10267739 and 13559?
149
Calculate the highest common factor of 1837 and 2563.
11
Calculate the highest common divisor of 23341728 and 1908.
12
Calculate the greatest common divisor of 61852 and 214320.
188
Calculate the greatest common factor of 1113 and 11797429.
371
Calculate the greatest common divisor of 7452 and 5096628.
108
What is the greatest common factor of 34253868 and 2508?
132
Calculate the highest common factor of 139842204 and 18312.
1308
What is the highest common divisor of 60372285 and 45?
15
Calculate the greatest common factor of 30 and 40734135.
15
What is the greatest common divisor of 9078 and 1198738?
34
Calculate the greatest common divisor of 157050126 and 666.
666
What is the highest common factor of 3279106 and 19386?
718
What is the highest common divisor of 4084740 and 1620?
180
Calculate the greatest common divisor of 37338 and 211386.
294
Calculate the greatest common divisor of 1328 and 48736936.
664
Calculate the greatest common divisor of 40334 and 18618656.
602
Calculate the greatest common divisor of 68125 and 17222.
109
Calculate the greatest common factor of 840 and 8384520.
120
Calculate the greatest common factor of 783606 and 1098.
366
Calculate the highest common divisor of 309714 and 15744.
246
What is the greatest common factor of 30604848 and 1176?
24
Calculate the highest common factor of 801736 and 286624.
1352
Calculate the highest common divisor of 5287194 and 6900.
138
Calculate the highest common factor of 1822215 and 1491.
213
What is the greatest common factor of 39410 and 89646490?
5630
What is the highest common factor of 34550 and 60450062?
1382
What is the highest common factor of 10882526 and 86?
86
What is the greatest common factor of 29214 and 60271728?
3246
What is the greatest common divisor of 10435175 and 8225?
1175
Calculate the highest common factor of 84076414 and 2.
2
Calculate the greatest common factor of 186076 and 352.
44
What is the greatest common divisor of 319534 and 893722?
1622
What is the highest common divisor of 1470040 and 4180?
220
What is the greatest common divisor of 222500 and 114276?
356
What is the greatest common factor of 1953 and 19525743?
9
What is the greatest common divisor of 13370342 and 211568?
3778
Calculate the highest common factor of 59318228 and 5396.
5396
Calculate the highest common factor of 90500 and 42637808.
724
What is the greatest common factor of 4347 and 14926149?
1449
What is the greatest common divisor of 1275 and 531267?
51
What is the highest common factor of 1564 and 12065784?
68
What is the highest common divisor of 64680 and 9926?
14
Calculate the highest common factor of 30 and 1444035.
15
Calculate the highest common factor of 189 and 182459382.
21
What is the highest common divisor of 6864815 and 5?
5
What is the highest common divisor of 2486 and 10281282?
22
What is the greatest common divisor of 464 and 163049774?
58
What is the greatest common factor of 416080 and 13720?
280
Calculate the greatest common factor of 393 and 1476816.
3
Calculate the highest common factor of 37306728 and 27.
9
What is the highest common factor of 488 and 784264?
8
Calculate the highest common divisor of 3160924 and 143468.
4628
Calculate the greatest common factor of 247137 and 3201.
33
Calculate the highest common factor of 163988 and 7612.
44
What is the greatest common factor of 76 and 62176474?
38
What is the highest common divisor of 600 and 565221750?
150
Calculate the highest common divisor of 2225810 and 782.
34
What is the highest common divisor of 598 and 83327712?
598
What is the greatest common factor of 565724 and 105316?
932
Calculate the greatest common factor of 11 and 43307407.
11
What is the highest common divisor of 4372 and 3483391?
1093
Calculate the highest common divisor of 173339 and 368122.
1787
What is the greatest common divisor of 86722 and 226?
2
What is the greatest common factor of 3665783 and 11?
11
What is the highest common divisor of 84 and 2277156?
84
Calculate the greatest common factor of 3474159 and 39846.
687
What is the highest common divisor of 942941 and 3942?
73
Calculate the greatest common factor of 7172553 and 38742.
1761
What is the greatest common factor of 7657 and 1010152?
13
What is the greatest common factor of 498 and 46290428?
166
What is the highest common factor of 385 and 273291865?
385
Calculate the greatest common divisor of 2209500 and 1044.
36
What is the greatest common divisor of 5986374 and 60888?
258
Calculate the greatest comm